{"id":12,"date":"2016-06-13T15:10:52","date_gmt":"2016-06-13T13:10:52","guid":{"rendered":"http:\/\/gas-wasser-heizung.eu\/?page_id=12"},"modified":"2016-07-20T07:00:32","modified_gmt":"2016-07-20T05:00:32","slug":"heizung","status":"publish","type":"page","link":"https:\/\/gas-wasser-heizung.eu\/webseite_2016\/heizung\/","title":{"rendered":"Heizung"},"content":{"rendered":"<p>Wir unterst\u00fctzen Sie mit unserem Fachwissen, Ihre Wohnr\u00e4ume zu energiesparenden Wohlf\u00fchlr\u00e4umen zu machen.<\/p>\n<p>Dabei legen wir den gr\u00f6\u00dften Wert darauf, dass unsere Installationen nicht nur energiesparend und umweltschonend, sondern auch komfortabel und einfach zu bedienen sind.<\/p>\n<p><strong>Hier ein Auszug aus unserem Leistungsangebot:<\/strong><\/p>\n<p>\u2022 Wartung, Reparatur und Neuinstallation<br \/>\n\u2022 Erstellung aller heizungstechnischen Anlagen bei der Sanierung von Altbauten<br \/>\n\u2022 Installation von Gas-Etagenheizungen und Wartung der Gasger\u00e4te<br \/>\n\u2022 W\u00e4rmepumpen<br \/>\n\u2022 Gas-Brennwerttechnik<br \/>\n\u2022 \u00d6l-Brennwerttechnik<br \/>\n\u2022 Installation von Zentralheizungsanlagen im gesamten Wohnungs- und Gewerbebau inkl. Fu\u00dfboden- und Wandheizungen<\/p>\n<p><strong>Heute gibt es eine vielf\u00e4ltige Auswahl an Heizungsanlagen.Die wichtigsten Arten von Heizungsanlagen stellen wir Ihnen im Folgenden vor.<\/strong><\/p>\n<h3>Gas-Brennwerttechnik<\/h3>\n<p>Herk\u00f6mmliche Heizkessel nutzen nur einen Teil der im Brennstoff enthaltenen Energie als W\u00e4rme, den sogenannten Heizwert. Der Rest verl\u00e4\u00dft als Wasserdampf ungenutzt den Schornstein. Brennwert-Technologie hingegen nutzt einen \u00fcblicherweise &#8222;unbrauchbaren&#8220; Energieanteil des Brennstoffs: Sie k\u00fchlt den Wasserdampf ab und macht ihn zu Wasser. Bei diesem Proze\u00df, auch Kondensation genannt, wird weitere W\u00e4rme frei.<br \/>\nDadurch verbraucht ein Brennwertkessel ca. 15% weniger als ein moderner Niedertemperaturkessel, im Vergleich zu Altanlagen sogar bis zu 40% weniger.<br \/>\nBrennwertkessel erreichen je nach Heizsystemtemperatur Norm-Nutzungsgrade bis zu 109%. Unm\u00f6glich sagen Sie?<img loading=\"lazy\" decoding=\"async\" class=\"size-medium wp-image-83 alignleft\" src=\"https:\/\/gas-wasser-heizung.eu\/webseite_2016\/wp-content\/uploads\/brennwert-300x170.gif\" alt=\"brennwert\" width=\"300\" height=\"170\" \/><br \/>\nDas\u00a0scheint nur so. Traditionell sind in Deutschland Wirkungs- und Nutzungsgrade auf den Heizwert bezogen. Um weiterhin Heizkessel miteinander vergleichen zu k\u00f6nnen, bleibt man bei dieser Definition und addiert lediglich den zus\u00e4tzlichen W\u00e4rmegewinn aus der Kondensation der Abgase hinzu. Somit wird das Unm\u00f6gliche m\u00f6glich gemacht:<br \/>\nNorm-Nutzungsgrade \u00fcber 100%.<\/p>\n<h3>Gas-Zentralheizung<\/h3>\n<p>Die sogenannte &#8222;Etagenheizung&#8220;, die man in vielen Wohnungen findet, erm\u00f6glicht ein individuelles Heizen. Die kompakten Ger\u00e4te werden an der Wand befestigt und bieten dadurch eine platzsparende L\u00f6sung. Ein weiterer Vorteil: So geheizte Wohnabschnitte verf\u00fcgen \u00fcber ihre eigene individuelle Gasabrechnung.<\/p>\n<h3>W\u00e4rmepumpe<\/h3>\n<p>Nutzen Sie eine unersch\u00f6pfliche W\u00e4rmequelle direkt vor Ihrer T\u00fcr!<br \/>\nBei einer Luft-\/\u00a0Wasser-W\u00e4rmepumpe wird mit einem Hocheffizienz-Kompressor W\u00e4rme von der Umgebungsluft in das Heizungssystem \u201egepumpt\u201c. Es ist im Prinzip die umgekehrte Nutzung eines K\u00fchlschranks oder einer Klimaanlage und hat sich weltweit bereits millionenfach bew\u00e4hrt.<br \/>\nAbh\u00e4ngig von dem Nutzerverhalten und der Witterung \u00e4ndert sich der W\u00e4rmebedarf eines Geb\u00e4udes stark. Die W\u00e4rmepumpen, die bei uns zum Einsatz kommen, nutzen eine Technik, bei der die Leistung der W\u00e4rmepumpe st\u00e4ndig dem Bedarf angepasst wird. Das garantiert einen optimierten Betrieb der Anlage.<\/p>\n<p>&nbsp;<\/p>\n<h3>Reparatur, Wartung und Modernisierung Ihrer Heizung<\/h3>\n<p>Eine j\u00e4hrliche Wartung Ihrer Heizung sorgt daf\u00fcr, dass die Anlage ihren \u00d6l-, bzw. Gasverbrauch reduziert und damit die Umwelt schont. Au\u00dferdem bezwecken Sie mit der Reinigung und dem Check eine Verl\u00e4ngerung der Funktionsf\u00e4higkeit. Denn Heizungsanlagen, die \u00e4lter als 15 Jahre sind, erh\u00f6hen die Verbrauchskosten ungemein. In manchen F\u00e4llen lohnt sich hier sogar die Anschaffung einer modernen, effizienteren Heizungsanlage.<\/p>\n","protected":false},"excerpt":{"rendered":"<p>Wir unterst\u00fctzen Sie mit unserem Fachwissen, Ihre Wohnr\u00e4ume zu energiesparenden Wohlf\u00fchlr\u00e4umen zu machen. Dabei legen wir den gr\u00f6\u00dften Wert darauf, dass unsere Installationen nicht nur energiesparend und umweltschonend, sondern auch komfortabel und einfach zu bedienen sind. Hier ein Auszug aus unserem Leistungsangebot: \u2022 Wartung, Reparatur und Neuinstallation \u2022 Erstellung aller heizungstechnischen Anlagen bei der Sanierung [&hellip;]<\/p>\n","protected":false},"author":2,"featured_media":57,"parent":0,"menu_order":0,"comment_status":"closed","ping_status":"closed","template":"","meta":{"footnotes":""},"class_list":["post-12","page","type-page","status-publish","has-post-thumbnail","hentry"],"yoast_head":"<!-- This site is optimized with the Yoast SEO plugin v26.7 - https:\/\/yoast.com\/wordpress\/plugins\/seo\/ -->\n<title>Heizung -<\/title>\n<meta name=\"robots\" content=\"index, follow, max-snippet:-1, max-image-preview:large, max-video-preview:-1\" \/>\n<link rel=\"canonical\" href=\"https:\/\/gas-wasser-heizung.eu\/webseite_2016\/heizung\/\" \/>\n<meta property=\"og:locale\" content=\"de_DE\" \/>\n<meta property=\"og:type\" content=\"article\" \/>\n<meta property=\"og:title\" content=\"Heizung -\" \/>\n<meta property=\"og:description\" content=\"Wir unterst\u00fctzen Sie mit unserem Fachwissen, Ihre Wohnr\u00e4ume zu energiesparenden Wohlf\u00fchlr\u00e4umen zu machen. Dabei legen wir den gr\u00f6\u00dften Wert darauf, dass unsere Installationen nicht nur energiesparend und umweltschonend, sondern auch komfortabel und einfach zu bedienen sind. Hier ein Auszug aus unserem Leistungsangebot: \u2022 Wartung, Reparatur und Neuinstallation \u2022 Erstellung aller heizungstechnischen Anlagen bei der Sanierung [&hellip;]\" \/>\n<meta property=\"og:url\" content=\"https:\/\/gas-wasser-heizung.eu\/webseite_2016\/heizung\/\" \/>\n<meta property=\"article:modified_time\" content=\"2016-07-20T05:00:32+00:00\" \/>\n<meta property=\"og:image\" content=\"https:\/\/gas-wasser-heizung.eu\/webseite_2016\/wp-content\/uploads\/heizung.jpg\" \/>\n\t<meta property=\"og:image:width\" content=\"1920\" \/>\n\t<meta property=\"og:image:height\" content=\"691\" \/>\n\t<meta property=\"og:image:type\" content=\"image\/jpeg\" \/>\n<meta name=\"twitter:card\" content=\"summary_large_image\" \/>\n<meta name=\"twitter:label1\" content=\"Gesch\u00e4tzte Lesezeit\" \/>\n\t<meta name=\"twitter:data1\" content=\"2\u00a0Minuten\" \/>\n<script type=\"application\/ld+json\" class=\"yoast-schema-graph\">{\"@context\":\"https:\/\/schema.org\",\"@graph\":[{\"@type\":\"WebPage\",\"@id\":\"https:\/\/gas-wasser-heizung.eu\/webseite_2016\/heizung\/\",\"url\":\"https:\/\/gas-wasser-heizung.eu\/webseite_2016\/heizung\/\",\"name\":\"Heizung -\",\"isPartOf\":{\"@id\":\"https:\/\/gas-wasser-heizung.eu\/webseite_2016\/#website\"},\"primaryImageOfPage\":{\"@id\":\"https:\/\/gas-wasser-heizung.eu\/webseite_2016\/heizung\/#primaryimage\"},\"image\":{\"@id\":\"https:\/\/gas-wasser-heizung.eu\/webseite_2016\/heizung\/#primaryimage\"},\"thumbnailUrl\":\"https:\/\/gas-wasser-heizung.eu\/webseite_2016\/wp-content\/uploads\/heizung.jpg\",\"datePublished\":\"2016-06-13T13:10:52+00:00\",\"dateModified\":\"2016-07-20T05:00:32+00:00\",\"inLanguage\":\"de\",\"potentialAction\":[{\"@type\":\"ReadAction\",\"target\":[\"https:\/\/gas-wasser-heizung.eu\/webseite_2016\/heizung\/\"]}]},{\"@type\":\"ImageObject\",\"inLanguage\":\"de\",\"@id\":\"https:\/\/gas-wasser-heizung.eu\/webseite_2016\/heizung\/#primaryimage\",\"url\":\"https:\/\/gas-wasser-heizung.eu\/webseite_2016\/wp-content\/uploads\/heizung.jpg\",\"contentUrl\":\"https:\/\/gas-wasser-heizung.eu\/webseite_2016\/wp-content\/uploads\/heizung.jpg\",\"width\":1920,\"height\":691,\"caption\":\"moderne Heiztechnik\"},{\"@type\":\"WebSite\",\"@id\":\"https:\/\/gas-wasser-heizung.eu\/webseite_2016\/#website\",\"url\":\"https:\/\/gas-wasser-heizung.eu\/webseite_2016\/\",\"name\":\"\",\"description\":\"\",\"potentialAction\":[{\"@type\":\"SearchAction\",\"target\":{\"@type\":\"EntryPoint\",\"urlTemplate\":\"https:\/\/gas-wasser-heizung.eu\/webseite_2016\/?s={search_term_string}\"},\"query-input\":{\"@type\":\"PropertyValueSpecification\",\"valueRequired\":true,\"valueName\":\"search_term_string\"}}],\"inLanguage\":\"de\"}]}<\/script>\n<!-- \/ Yoast SEO plugin. -->","yoast_head_json":{"title":"Heizung -","robots":{"index":"index","follow":"follow","max-snippet":"max-snippet:-1","max-image-preview":"max-image-preview:large","max-video-preview":"max-video-preview:-1"},"canonical":"https:\/\/gas-wasser-heizung.eu\/webseite_2016\/heizung\/","og_locale":"de_DE","og_type":"article","og_title":"Heizung -","og_description":"Wir unterst\u00fctzen Sie mit unserem Fachwissen, Ihre Wohnr\u00e4ume zu energiesparenden Wohlf\u00fchlr\u00e4umen zu machen. Dabei legen wir den gr\u00f6\u00dften Wert darauf, dass unsere Installationen nicht nur energiesparend und umweltschonend, sondern auch komfortabel und einfach zu bedienen sind. Hier ein Auszug aus unserem Leistungsangebot: \u2022 Wartung, Reparatur und Neuinstallation \u2022 Erstellung aller heizungstechnischen Anlagen bei der Sanierung [&hellip;]","og_url":"https:\/\/gas-wasser-heizung.eu\/webseite_2016\/heizung\/","article_modified_time":"2016-07-20T05:00:32+00:00","og_image":[{"width":1920,"height":691,"url":"https:\/\/gas-wasser-heizung.eu\/webseite_2016\/wp-content\/uploads\/heizung.jpg","type":"image\/jpeg"}],"twitter_card":"summary_large_image","twitter_misc":{"Gesch\u00e4tzte Lesezeit":"2\u00a0Minuten"},"schema":{"@context":"https:\/\/schema.org","@graph":[{"@type":"WebPage","@id":"https:\/\/gas-wasser-heizung.eu\/webseite_2016\/heizung\/","url":"https:\/\/gas-wasser-heizung.eu\/webseite_2016\/heizung\/","name":"Heizung -","isPartOf":{"@id":"https:\/\/gas-wasser-heizung.eu\/webseite_2016\/#website"},"primaryImageOfPage":{"@id":"https:\/\/gas-wasser-heizung.eu\/webseite_2016\/heizung\/#primaryimage"},"image":{"@id":"https:\/\/gas-wasser-heizung.eu\/webseite_2016\/heizung\/#primaryimage"},"thumbnailUrl":"https:\/\/gas-wasser-heizung.eu\/webseite_2016\/wp-content\/uploads\/heizung.jpg","datePublished":"2016-06-13T13:10:52+00:00","dateModified":"2016-07-20T05:00:32+00:00","inLanguage":"de","potentialAction":[{"@type":"ReadAction","target":["https:\/\/gas-wasser-heizung.eu\/webseite_2016\/heizung\/"]}]},{"@type":"ImageObject","inLanguage":"de","@id":"https:\/\/gas-wasser-heizung.eu\/webseite_2016\/heizung\/#primaryimage","url":"https:\/\/gas-wasser-heizung.eu\/webseite_2016\/wp-content\/uploads\/heizung.jpg","contentUrl":"https:\/\/gas-wasser-heizung.eu\/webseite_2016\/wp-content\/uploads\/heizung.jpg","width":1920,"height":691,"caption":"moderne Heiztechnik"},{"@type":"WebSite","@id":"https:\/\/gas-wasser-heizung.eu\/webseite_2016\/#website","url":"https:\/\/gas-wasser-heizung.eu\/webseite_2016\/","name":"","description":"","potentialAction":[{"@type":"SearchAction","target":{"@type":"EntryPoint","urlTemplate":"https:\/\/gas-wasser-heizung.eu\/webseite_2016\/?s={search_term_string}"},"query-input":{"@type":"PropertyValueSpecification","valueRequired":true,"valueName":"search_term_string"}}],"inLanguage":"de"}]}},"_links":{"self":[{"href":"https:\/\/gas-wasser-heizung.eu\/webseite_2016\/wp-json\/wp\/v2\/pages\/12","targetHints":{"allow":["GET"]}}],"collection":[{"href":"https:\/\/gas-wasser-heizung.eu\/webseite_2016\/wp-json\/wp\/v2\/pages"}],"about":[{"href":"https:\/\/gas-wasser-heizung.eu\/webseite_2016\/wp-json\/wp\/v2\/types\/page"}],"author":[{"embeddable":true,"href":"https:\/\/gas-wasser-heizung.eu\/webseite_2016\/wp-json\/wp\/v2\/users\/2"}],"replies":[{"embeddable":true,"href":"https:\/\/gas-wasser-heizung.eu\/webseite_2016\/wp-json\/wp\/v2\/comments?post=12"}],"version-history":[{"count":0,"href":"https:\/\/gas-wasser-heizung.eu\/webseite_2016\/wp-json\/wp\/v2\/pages\/12\/revisions"}],"wp:featuredmedia":[{"embeddable":true,"href":"https:\/\/gas-wasser-heizung.eu\/webseite_2016\/wp-json\/wp\/v2\/media\/57"}],"wp:attachment":[{"href":"https:\/\/gas-wasser-heizung.eu\/webseite_2016\/wp-json\/wp\/v2\/media?parent=12"}],"curies":[{"name":"wp","href":"https:\/\/api.w.org\/{rel}","templated":true}]}}